{"version":"1.0","provider_name":"Nuestra                                            Am\u00e9rica En Palabras","provider_url":"https:\/\/naenpalabras.net\/wp","author_name":"naenp","author_url":"https:\/\/naenpalabras.net\/wp\/author\/admin-2\/","title":"La epopeya Palestina 2: colonialismo de colonos - Nuestra Am\u00e9rica En Palabras","type":"rich","width":600,"height":338,"html":"<blockquote class=\"wp-embedded-content\" data-secret=\"ylWlbItva9\"><a href=\"https:\/\/naenpalabras.net\/wp\/2025\/11\/15\/la-epopeya-palestina-2-colonialismo-de-colonos\/\">La epopeya Palestina 2: colonialismo de colonos<\/a><\/blockquote><iframe sandbox=\"allow-scripts\" security=\"restricted\" src=\"https:\/\/naenpalabras.net\/wp\/2025\/11\/15\/la-epopeya-palestina-2-colonialismo-de-colonos\/embed\/#?secret=ylWlbItva9\" width=\"600\" height=\"338\" title=\"&#171;La epopeya Palestina 2: colonialismo de colonos&#187; &#8212; Nuestra                                            Am\u00e9rica En Palabras\" data-secret=\"ylWlbItva9\" frameborder=\"0\" marginwidth=\"0\" marginheight=\"0\" scrolling=\"no\" class=\"wp-embedded-content\"><\/iframe><script type=\"text\/javascript\">\n\/* <![CDATA[ *\/\n\/*! This file is auto-generated *\/\n!function(d,l){\"use strict\";l.querySelector&&d.addEventListener&&\"undefined\"!=typeof URL&&(d.wp=d.wp||{},d.wp.receiveEmbedMessage||(d.wp.receiveEmbedMessage=function(e){var t=e.data;if((t||t.secret||t.message||t.value)&&!\/[^a-zA-Z0-9]\/.test(t.secret)){for(var s,r,n,a=l.querySelectorAll('iframe[data-secret=\"'+t.secret+'\"]'),o=l.querySelectorAll('blockquote[data-secret=\"'+t.secret+'\"]'),c=new RegExp(\"^https?:$\",\"i\"),i=0;i<o.length;i++)o[i].style.display=\"none\";for(i=0;i<a.length;i++)s=a[i],e.source===s.contentWindow&&(s.removeAttribute(\"style\"),\"height\"===t.message?(1e3<(r=parseInt(t.value,10))?r=1e3:~~r<200&&(r=200),s.height=r):\"link\"===t.message&&(r=new URL(s.getAttribute(\"src\")),n=new URL(t.value),c.test(n.protocol))&&n.host===r.host&&l.activeElement===s&&(d.top.location.href=t.value))}},d.addEventListener(\"message\",d.wp.receiveEmbedMessage,!1),l.addEventListener(\"DOMContentLoaded\",function(){for(var e,t,s=l.querySelectorAll(\"iframe.wp-embedded-content\"),r=0;r<s.length;r++)(t=(e=s[r]).getAttribute(\"data-secret\"))||(t=Math.random().toString(36).substring(2,12),e.src+=\"#?secret=\"+t,e.setAttribute(\"data-secret\",t)),e.contentWindow.postMessage({message:\"ready\",secret:t},\"*\")},!1)))}(window,document);\n\/\/# sourceURL=https:\/\/naenpalabras.net\/wp\/wp-includes\/js\/wp-embed.min.js\n\/* ]]> *\/\n<\/script>\n","thumbnail_url":"https:\/\/naenpalabras.net\/wp\/wp-content\/uploads\/2025\/11\/3a-3.webp","thumbnail_width":880,"thumbnail_height":495,"description":"La violencia extrema que Israel aplica contra los palestinos ha sido un dato invariable desde la constituci\u00f3n de ese Estado. Esa virulencia fue hist\u00f3ricamente t\u00edpica de las formaciones coloniales, que se asientan en la ocupaci\u00f3n, la expropiaci\u00f3n y la opresi\u00f3n de la poblaci\u00f3n nativa. Esas confiscaciones provocaron los sufrimientos padecidos [&hellip;]"}

Nuestra                                            América En Palabras

La epopeya Palestina 2: colonialismo de colonos - Nuestra América En Palabras

<blockquote class="wp-embedded-content" data-secret="ylWlbItva9"><a href="https://naenpalabras.net/wp/2025/11/15/la-epopeya-palestina-2-colonialismo-de-colonos/">La epopeya Palestina 2: colonialismo de colonos</a></blockquote><iframe sandbox="allow-scripts" security="restricted" src="https://naenpalabras.net/wp/2025/11/15/la-epopeya-palestina-2-colonialismo-de-colonos/embed/#?secret=ylWlbItva9" width="600" height="338" title="&#171;La epopeya Palestina 2: colonialismo de colonos&#187; &#8212; Nuestra                                            América En Palabras" data-secret="ylWlbItva9" frameborder="0" marginwidth="0" marginheight="0" scrolling="no" class="wp-embedded-content"></iframe><script type="text/javascript">
/* <![CDATA[ */
/*! This file is auto-generated */
!function(d,l){"use strict";l.querySelector&&d.addEventListener&&"undefined"!=typeof URL&&(d.wp=d.wp||{},d.wp.receiveEmbedMessage||(d.wp.receiveEmbedMessage=function(e){var t=e.data;if((t||t.secret||t.message||t.value)&&!/[^a-zA-Z0-9]/.test(t.secret)){for(var s,r,n,a=l.querySelectorAll('iframe[data-secret="'+t.secret+'"]'),o=l.querySelectorAll('blockquote[data-secret="'+t.secret+'"]'),c=new RegExp("^https?:$","i"),i=0;i<o.length;i++)o[i].style.display="none";for(i=0;i<a.length;i++)s=a[i],e.source===s.contentWindow&&(s.removeAttribute("style"),"height"===t.message?(1e3<(r=parseInt(t.value,10))?r=1e3:~~r<200&&(r=200),s.height=r):"link"===t.message&&(r=new URL(s.getAttribute("src")),n=new URL(t.value),c.test(n.protocol))&&n.host===r.host&&l.activeElement===s&&(d.top.location.href=t.value))}},d.addEventListener("message",d.wp.receiveEmbedMessage,!1),l.addEventListener("DOMContentLoaded",function(){for(var e,t,s=l.querySelectorAll("iframe.wp-embedded-content"),r=0;r<s.length;r++)(t=(e=s[r]).getAttribute("data-secret"))||(t=Math.random().toString(36).substring(2,12),e.src+="#?secret="+t,e.setAttribute("data-secret",t)),e.contentWindow.postMessage({message:"ready",secret:t},"*")},!1)))}(window,document);
//# sourceURL=https://naenpalabras.net/wp/wp-includes/js/wp-embed.min.js
/* ]]> */
</script>

La violencia extrema que Israel aplica contra los palestinos ha sido un dato invariable desde la constitución de ese Estado. Esa virulencia fue históricamente típica de las formaciones coloniales, que se asientan en la ocupación, la expropiación y la opresión de la población nativa. Esas confiscaciones provocaron los sufrimientos padecidos [&hellip;]
