{"version":"1.0","provider_name":"Nuestra                                            Am\u00e9rica En Palabras","provider_url":"https:\/\/naenpalabras.net\/wp","author_name":"naenp","author_url":"https:\/\/naenpalabras.net\/wp\/author\/admin-2\/","title":"Colonialismo de ayer y hoy - Nuestra Am\u00e9rica En Palabras","type":"rich","width":600,"height":338,"html":"<blockquote class=\"wp-embedded-content\" data-secret=\"Xturu6eEEA\"><a href=\"https:\/\/naenpalabras.net\/wp\/2025\/06\/19\/colonialismo-de-ayer-y-hoy\/\">Colonialismo de ayer y hoy<\/a><\/blockquote><iframe sandbox=\"allow-scripts\" security=\"restricted\" src=\"https:\/\/naenpalabras.net\/wp\/2025\/06\/19\/colonialismo-de-ayer-y-hoy\/embed\/#?secret=Xturu6eEEA\" width=\"600\" height=\"338\" title=\"&#171;Colonialismo de ayer y hoy&#187; &#8212; Nuestra                                            Am\u00e9rica En Palabras\" data-secret=\"Xturu6eEEA\" frameborder=\"0\" marginwidth=\"0\" marginheight=\"0\" scrolling=\"no\" class=\"wp-embedded-content\"><\/iframe><script type=\"text\/javascript\">\n\/* <![CDATA[ *\/\n\/*! This file is auto-generated *\/\n!function(d,l){\"use strict\";l.querySelector&&d.addEventListener&&\"undefined\"!=typeof URL&&(d.wp=d.wp||{},d.wp.receiveEmbedMessage||(d.wp.receiveEmbedMessage=function(e){var t=e.data;if((t||t.secret||t.message||t.value)&&!\/[^a-zA-Z0-9]\/.test(t.secret)){for(var s,r,n,a=l.querySelectorAll('iframe[data-secret=\"'+t.secret+'\"]'),o=l.querySelectorAll('blockquote[data-secret=\"'+t.secret+'\"]'),c=new RegExp(\"^https?:$\",\"i\"),i=0;i<o.length;i++)o[i].style.display=\"none\";for(i=0;i<a.length;i++)s=a[i],e.source===s.contentWindow&&(s.removeAttribute(\"style\"),\"height\"===t.message?(1e3<(r=parseInt(t.value,10))?r=1e3:~~r<200&&(r=200),s.height=r):\"link\"===t.message&&(r=new URL(s.getAttribute(\"src\")),n=new URL(t.value),c.test(n.protocol))&&n.host===r.host&&l.activeElement===s&&(d.top.location.href=t.value))}},d.addEventListener(\"message\",d.wp.receiveEmbedMessage,!1),l.addEventListener(\"DOMContentLoaded\",function(){for(var e,t,s=l.querySelectorAll(\"iframe.wp-embedded-content\"),r=0;r<s.length;r++)(t=(e=s[r]).getAttribute(\"data-secret\"))||(t=Math.random().toString(36).substring(2,12),e.src+=\"#?secret=\"+t,e.setAttribute(\"data-secret\",t)),e.contentWindow.postMessage({message:\"ready\",secret:t},\"*\")},!1)))}(window,document);\n\/\/# sourceURL=https:\/\/naenpalabras.net\/wp\/wp-includes\/js\/wp-embed.min.js\n\/* ]]> *\/\n<\/script>\n","thumbnail_url":"https:\/\/naenpalabras.net\/wp\/wp-content\/uploads\/2025\/06\/2a-5.webp","thumbnail_width":980,"thumbnail_height":653,"description":"El 23 y 24 de mayo pasado, en Nairobi, Kenia, se desarroll\u00f3 por primera vez en el continente africano la cuarta edici\u00f3n de la Conferencia Te\u00f3rica Internacional\u00a0con ponencias de Congo, Chipre, Guatemala, Indonesia, Irak, Irlanda, Kenia, Kurdist\u00e1n, Nepal, Pakist\u00e1n, Palestina, Filipinas, Sud\u00e1n, Sud\u00e1n del Sur, Turqu\u00eda, Uganda y Zambia sobre [&hellip;]"}

Nuestra                                            América En Palabras

Colonialismo de ayer y hoy - Nuestra América En Palabras

<blockquote class="wp-embedded-content" data-secret="Xturu6eEEA"><a href="https://naenpalabras.net/wp/2025/06/19/colonialismo-de-ayer-y-hoy/">Colonialismo de ayer y hoy</a></blockquote><iframe sandbox="allow-scripts" security="restricted" src="https://naenpalabras.net/wp/2025/06/19/colonialismo-de-ayer-y-hoy/embed/#?secret=Xturu6eEEA" width="600" height="338" title="&#171;Colonialismo de ayer y hoy&#187; &#8212; Nuestra                                            América En Palabras" data-secret="Xturu6eEEA" frameborder="0" marginwidth="0" marginheight="0" scrolling="no" class="wp-embedded-content"></iframe><script type="text/javascript">
/* <![CDATA[ */
/*! This file is auto-generated */
!function(d,l){"use strict";l.querySelector&&d.addEventListener&&"undefined"!=typeof URL&&(d.wp=d.wp||{},d.wp.receiveEmbedMessage||(d.wp.receiveEmbedMessage=function(e){var t=e.data;if((t||t.secret||t.message||t.value)&&!/[^a-zA-Z0-9]/.test(t.secret)){for(var s,r,n,a=l.querySelectorAll('iframe[data-secret="'+t.secret+'"]'),o=l.querySelectorAll('blockquote[data-secret="'+t.secret+'"]'),c=new RegExp("^https?:$","i"),i=0;i<o.length;i++)o[i].style.display="none";for(i=0;i<a.length;i++)s=a[i],e.source===s.contentWindow&&(s.removeAttribute("style"),"height"===t.message?(1e3<(r=parseInt(t.value,10))?r=1e3:~~r<200&&(r=200),s.height=r):"link"===t.message&&(r=new URL(s.getAttribute("src")),n=new URL(t.value),c.test(n.protocol))&&n.host===r.host&&l.activeElement===s&&(d.top.location.href=t.value))}},d.addEventListener("message",d.wp.receiveEmbedMessage,!1),l.addEventListener("DOMContentLoaded",function(){for(var e,t,s=l.querySelectorAll("iframe.wp-embedded-content"),r=0;r<s.length;r++)(t=(e=s[r]).getAttribute("data-secret"))||(t=Math.random().toString(36).substring(2,12),e.src+="#?secret="+t,e.setAttribute("data-secret",t)),e.contentWindow.postMessage({message:"ready",secret:t},"*")},!1)))}(window,document);
//# sourceURL=https://naenpalabras.net/wp/wp-includes/js/wp-embed.min.js
/* ]]> */
</script>

El 23 y 24 de mayo pasado, en Nairobi, Kenia, se desarrolló por primera vez en el continente africano la cuarta edición de la Conferencia Teórica Internacional con ponencias de Congo, Chipre, Guatemala, Indonesia, Irak, Irlanda, Kenia, Kurdistán, Nepal, Pakistán, Palestina, Filipinas, Sudán, Sudán del Sur, Turquía, Uganda y Zambia sobre [&hellip;]
