{"version":"1.0","provider_name":"Nuestra                                            Am\u00e9rica En Palabras","provider_url":"https:\/\/naenpalabras.net\/wp","author_name":"naenp","author_url":"https:\/\/naenpalabras.net\/wp\/author\/admin-2\/","title":"Negacionismo, derrota y nuevo orden global - Nuestra Am\u00e9rica En Palabras","type":"rich","width":600,"height":338,"html":"<blockquote class=\"wp-embedded-content\" data-secret=\"CxvmeIFRvu\"><a href=\"https:\/\/naenpalabras.net\/wp\/2024\/11\/27\/negacionismo-derrota-y-nuevo-orden-global\/\">Negacionismo, derrota y nuevo orden global<\/a><\/blockquote><iframe sandbox=\"allow-scripts\" security=\"restricted\" src=\"https:\/\/naenpalabras.net\/wp\/2024\/11\/27\/negacionismo-derrota-y-nuevo-orden-global\/embed\/#?secret=CxvmeIFRvu\" width=\"600\" height=\"338\" title=\"&#171;Negacionismo, derrota y nuevo orden global&#187; &#8212; Nuestra                                            Am\u00e9rica En Palabras\" data-secret=\"CxvmeIFRvu\" frameborder=\"0\" marginwidth=\"0\" marginheight=\"0\" scrolling=\"no\" class=\"wp-embedded-content\"><\/iframe><script type=\"text\/javascript\">\n\/* <![CDATA[ *\/\n\/*! This file is auto-generated *\/\n!function(d,l){\"use strict\";l.querySelector&&d.addEventListener&&\"undefined\"!=typeof URL&&(d.wp=d.wp||{},d.wp.receiveEmbedMessage||(d.wp.receiveEmbedMessage=function(e){var t=e.data;if((t||t.secret||t.message||t.value)&&!\/[^a-zA-Z0-9]\/.test(t.secret)){for(var s,r,n,a=l.querySelectorAll('iframe[data-secret=\"'+t.secret+'\"]'),o=l.querySelectorAll('blockquote[data-secret=\"'+t.secret+'\"]'),c=new RegExp(\"^https?:$\",\"i\"),i=0;i<o.length;i++)o[i].style.display=\"none\";for(i=0;i<a.length;i++)s=a[i],e.source===s.contentWindow&&(s.removeAttribute(\"style\"),\"height\"===t.message?(1e3<(r=parseInt(t.value,10))?r=1e3:~~r<200&&(r=200),s.height=r):\"link\"===t.message&&(r=new URL(s.getAttribute(\"src\")),n=new URL(t.value),c.test(n.protocol))&&n.host===r.host&&l.activeElement===s&&(d.top.location.href=t.value))}},d.addEventListener(\"message\",d.wp.receiveEmbedMessage,!1),l.addEventListener(\"DOMContentLoaded\",function(){for(var e,t,s=l.querySelectorAll(\"iframe.wp-embedded-content\"),r=0;r<s.length;r++)(t=(e=s[r]).getAttribute(\"data-secret\"))||(t=Math.random().toString(36).substring(2,12),e.src+=\"#?secret=\"+t,e.setAttribute(\"data-secret\",t)),e.contentWindow.postMessage({message:\"ready\",secret:t},\"*\")},!1)))}(window,document);\n\/\/# sourceURL=https:\/\/naenpalabras.net\/wp\/wp-includes\/js\/wp-embed.min.js\n\/* ]]> *\/\n<\/script>\n","thumbnail_url":"https:\/\/naenpalabras.net\/wp\/wp-content\/uploads\/2024\/11\/6-6.jpg","thumbnail_width":768,"thumbnail_height":768,"description":"El desenlace de la guerra en Europa Oriental tiene implicancias geopol\u00edticas decisivas en los aspectos geopol\u00edticos, estrat\u00e9gicos y econ\u00f3micos.\u00a0Gran parte del nuevo orden global que se est\u00e1 conformando tiene su origen en el conflicto b\u00e9lico que se inici\u00f3 mil d\u00edas atr\u00e1s, un 24 de febrero de 2022.\u00a0 En aquella oportunidad, [&hellip;]"}

Nuestra                                            América En Palabras

Negacionismo, derrota y nuevo orden global - Nuestra América En Palabras

<blockquote class="wp-embedded-content" data-secret="CxvmeIFRvu"><a href="https://naenpalabras.net/wp/2024/11/27/negacionismo-derrota-y-nuevo-orden-global/">Negacionismo, derrota y nuevo orden global</a></blockquote><iframe sandbox="allow-scripts" security="restricted" src="https://naenpalabras.net/wp/2024/11/27/negacionismo-derrota-y-nuevo-orden-global/embed/#?secret=CxvmeIFRvu" width="600" height="338" title="&#171;Negacionismo, derrota y nuevo orden global&#187; &#8212; Nuestra                                            América En Palabras" data-secret="CxvmeIFRvu" frameborder="0" marginwidth="0" marginheight="0" scrolling="no" class="wp-embedded-content"></iframe><script type="text/javascript">
/* <![CDATA[ */
/*! This file is auto-generated */
!function(d,l){"use strict";l.querySelector&&d.addEventListener&&"undefined"!=typeof URL&&(d.wp=d.wp||{},d.wp.receiveEmbedMessage||(d.wp.receiveEmbedMessage=function(e){var t=e.data;if((t||t.secret||t.message||t.value)&&!/[^a-zA-Z0-9]/.test(t.secret)){for(var s,r,n,a=l.querySelectorAll('iframe[data-secret="'+t.secret+'"]'),o=l.querySelectorAll('blockquote[data-secret="'+t.secret+'"]'),c=new RegExp("^https?:$","i"),i=0;i<o.length;i++)o[i].style.display="none";for(i=0;i<a.length;i++)s=a[i],e.source===s.contentWindow&&(s.removeAttribute("style"),"height"===t.message?(1e3<(r=parseInt(t.value,10))?r=1e3:~~r<200&&(r=200),s.height=r):"link"===t.message&&(r=new URL(s.getAttribute("src")),n=new URL(t.value),c.test(n.protocol))&&n.host===r.host&&l.activeElement===s&&(d.top.location.href=t.value))}},d.addEventListener("message",d.wp.receiveEmbedMessage,!1),l.addEventListener("DOMContentLoaded",function(){for(var e,t,s=l.querySelectorAll("iframe.wp-embedded-content"),r=0;r<s.length;r++)(t=(e=s[r]).getAttribute("data-secret"))||(t=Math.random().toString(36).substring(2,12),e.src+="#?secret="+t,e.setAttribute("data-secret",t)),e.contentWindow.postMessage({message:"ready",secret:t},"*")},!1)))}(window,document);
//# sourceURL=https://naenpalabras.net/wp/wp-includes/js/wp-embed.min.js
/* ]]> */
</script>

El desenlace de la guerra en Europa Oriental tiene implicancias geopolíticas decisivas en los aspectos geopolíticos, estratégicos y económicos. Gran parte del nuevo orden global que se está conformando tiene su origen en el conflicto bélico que se inició mil días atrás, un 24 de febrero de 2022.  En aquella oportunidad, [&hellip;]
